11
In base 12, what is -56 - -27?
-2b
In base 16, what is -29 - 0?
-29
In base 11, what is -23 - -3?
-20
In base 10, what is -370 - 15?
-385
In base 8, what is 14 + -11?
3
In base 10, what is -227 + 0?
-227
In base 4, what is 10 - -12322?
12332
In base 9, what is -1 + 75?
74
In base 9, what is 3 - 2400?
-2386
In base 11, what is 86 - 5?
81
In base 5, what is 10 + -121?
-111
In base 5, what is -1144 + -1?
-1200
In base 10, what is 176 + 12?
188
In base 2, what is 11 - 1000101?
-1000010
In base 9, what is 8 + 307?
316
In base 14, what is 3 - -11?
14
In base 5, what is -141402 - -4?
-141343
In base 2, what is -10110111010 + 100?
-10110110110
In base 5, what is -2 - -4004?
4002
In base 5, what is 2 + 141?
143
In base 7, what is 4 + 61?
65
In base 7, what is 4 - -144?
151
In base 9, what is 27 + 37?
65
In base 6, what is 140 - 2?
134
In base 14, what is -5 + -d2?
-d7
In base 14, what is -13 - a?
-1d
In base 3, what is 22220 + 0?
22220
In base 16, what is 2 + -152?
-150
In base 10, what is -5 - 2279?
-2284
In base 9, what is 305 + 5?
311
In base 11, what is 4 - -1220?
1224
In base 13, what is -1797 - 0?
-1797
In base 5, what is 1442 + -10?
1432
In base 12, what is -1a1 - 1?
-1a2
In base 15, what is -1 + -417?
-418
In base 14, what is 4 + -22?
-1c
In base 3, what is 12 + 222120?
222202
In base 12, what is -2 - 2287?
-2289
In base 11, what is 1a9 - 16?
193
In base 5, what is 10 + 11013?
11023
In base 9, what is 2 + -7763?
-7761
In base 11, what is -3a + 196?
157
In base 15, what is -8 + -5?
-d
In base 12, what is 679 + 8?
685
In base 8, what is 12405 - 3?
12402
In base 16, what is -4ea + 5?
-4e5
In base 15, what is 8 + 36?
3e
In base 6, what is -12441 - 2?
-12443
In base 8, what is 3 + 1?
4
In base 5, what is -1 - 3212?
-3213
In base 11, what is 0 - 10a2?
-10a2
In base 4, what is -10 + -23?
-33
In base 15, what is -5 + -23?
-28
In base 7, what is 3221 + 1?
3222
In base 5, what is 412144 - -3?
412202
In base 14, what is -18 + -81?
-99
In base 9, what is 2 + 333?
335
In base 2, what is 10110110111 + 100?
10110111011
In base 14, what is -2 + 8b?
89
In base 11, what is -83a5 - 5?
-83aa
In base 12, what is -5 + -256?
-25b
In base 7, what is 14316 - -5?
14324
In base 7, what is 30 + -5?
22
In base 10, what is 38 - 12?
26
In base 6, what is -421 + 5?
-412
In base 12, what is -a + -13?
-21
In base 3, what is 102 + 1212?
2021
In base 15, what is -2 - -18?
16
In base 14, what is 0 - 452?
-452
In base 8, what is 644 - 3?
641
In base 15, what is -2 + -16?
-18
In base 13, what is 3 + 56?
59
In base 3, what is 2 + 1201211?
1201220
In base 11, what is -66 + -218?
-283
In base 4, what is 22 - -221?
303
In base 3, what is 1111101 - -10?
1111111
In base 14, what is 4 + -5d?
-59
In base 9, what is 222 - 20?
202
In base 8, what is 1622 + 7?
1631
In base 7, what is 60 + 313?
403
In base 16, what is 5 + 7ed?
7f2
In base 3, what is 201 - -10?
211
In base 13, what is 6 + -1198?
-1192
In base 2, what is 10 + -1011?
-1001
In base 16, what is 2c - -d5?
101
In base 13, what is 14 + 47a?
491
In base 10, what is -5 - 120?
-125
In base 12, what is 8 + 6?
12
In base 11, what is -5 - 96?
-a0
In base 13, what is 2 + 13?
15
In base 3, what is -102220112 + -2?
-102220121
In base 8, what is -26055 + 5?
-26050
In base 2, what is 10001011011 + -100?
10001010111
In base 6, what is -35 + -330?
-405
In base 3, what is 2 + 1210220?
1210222
In base 14, what is 2a27 - 3?
2a24
In base 12, what is -120 + 16?
-106
In base 3, what is -21 - -12?
-2
In base 16, what is -14c + 1?
-14b
In base 13, what is 13a + -3?
137
In base 10, what is 182 - 19?
163
In base 10, what is -23 + 0?
-23
In base 3, what is -102 + 1222?
1120
In base 3, what is 22 + -1002000?
-1001201
In base 12, what is -13 - -7?
-8
In base 3, what is -20 - -102010?
101220
In base 2, what is 100 + 100?
1000
In base 2, what is 11110 - 10000?
1110
In base 5, what is -1121 + 4?
-1112
In base 15, what is 5 - ab6?
-ab1
In base 8, what is -30 - -12?
-16
In base 10, what is 8402 + 4?
8406
In base 3, what is -1 - -10121110?
10121102
In base 2, what is 0 - -101101001010?
101101001010
In base 6, what is -15544 + -2?
-15550
In base 11, what is 393 - 5?
389
In base 13, what is 6 - 16?
-10
In base 9, what is 1 + 67?
68
In base 11, what is -747 + 5?
-742
In base 4, what is -1311302 - -10?
-1311232
In base 16, what is 20 + -b?
15
In base 16, what is -2 - -12a?
128
In base 4, what is -3 + -120200?
-120203
In base 9, what is 0 - 248?
-248
In base 14, what is 7 - 9?
-2
In base 10, what is 10 + 53?
63
In base 16, what is 4 + -48?
-44
In base 12, what is 296 - -4?
29a
In base 14, what is -7b - -5?
-76
In base 3, what is -11 - -1211?
1200
In base 12, what is -2 - b0?
-b2
In base 12, what is -5 + 37?
32
In base 11, what is 62 - -4?
66
In base 4, what is 200 - 0?
200
In base 12, what is -253 - 2?
-255
In base 15, what is 5 + 171?
176
In base 5, what is 43 + -31?
12
In base 14, what is 28 - -1d3?
21b
In base 12, what is -9 - -89?
80
In base 15, what is -9a - -11?
-89
In base 7, what is 13026 - -4?
13033
In base 9, what is -5 + -50?
-55
In base 15, what is -4 + 1ce?
1ca
In base 3, what is -11 - 1022110?
-1022121
In base 3, what is -21201210 + -2?
-21201212
In base 8, what is -1274 - 5?
-1301
In base 16, what is 36 + 5?
3b
In base 14, what is -1 + 5b?
5a
In base 4, what is 12 + -3033?
-3021
In base 16, what is 7 + 93?
9a
In base 6, what is -3 - 30?
-33
In base 11, what is 5 - aa?
-a5
In base 5, what is 424 - 4?
420
In base 3, what is -1 + 221?
220
In base 6, what is -525204 - 2?
-525210
In base 6, what is 3040 + 5?
3045
In base 9, what is 3 - 353?
-350
In base 13, what is 2a7 - 9?
29b
In base 8, what is 1 - 3443?
-3442
In base 10, what is -2 + -26?
-28
In base 5, what is 1313 - -4?
1322
In base 4, what is -102312 + 10?
-102302
In base 13, what is 28 + 5?
30
In base 11, what is 62 + -20?
42
In base 6, what is 2 - -24?
30
In base 10, what is 15 - 70?
-55
In base 4, what is -2 - 1?
-3
In base 8, what is -77 - -146?
47
In base 2, what is 100000 - 101?
11011
In base 15, what is -7a0 - -4?
-79b
In base 8, what is -150 - -16?
-132
In base 16, what is -d + 84e?
841
In base 14, what is 6b9 + -c?
6ab
In base 12, what is 340 - 1?
33b
In base 6, what is 2 + -42351?
-42345
In base 11, what is -a - -1677?
1668
In base 11, what is 5 + -5a6?
-5a1
In base 8, what is 736 + -3?
733
In base 6, what is 534 + 4?
542
In base 11, what is 2 - -1561?
1563
In base 15, what is -2 + 48?
46
In base 15, what is 6 + -82b?
-825
In base 10, what is 43 + -5?
38
In base 8, what is 5 - -1015?
1022
In base 12, what is 4 + 1b2?
1b6
In base 10, what is -5 - -89?
84
In base 10, what is 10 - 19?
-9
In base 16, what is 21 - 1?
20
In base 9, what is 1 + 24?
25
In base 7, what is 3 - 3501?
-3465
In base 3, what is 2221110 + 12?
2221122
In base 4, what is -122 - -1?
-121
In base 15, what is e3 - 0?
e3
In base 13, what is -29 + 323?
2c7
In base 9, what is 2 - -57?
60
In base 2, what is 1011111111110 - -1?
1011111111111
In base 2, what is -100000 - 10111?
-110111
In base 6, what is -24 - -1215?
1151
In base 6, what is -150 + -430?
-1020
In base 15, what is 1 + 47?
48
In base 13, what is 5 + -a9?
-a4
In base 4, what is -3131 - -1?
-3130
In base 16, what is 1a + a2?
bc
In base 6, what is -5 + 4323?
4314
In base 16, what is 142 - 4?
13e
In base 8, what is 570 + -4?
564
In base 6, what is 2350 + -5?
2341
In base 8, what is 20306 + 2?
20310
In base 7, what is 1052 + 2?
1054
In base 10, what is 20 + -493?
-473
In base 16, what is -5 + -8c?
-91
In base 5, what is -12 - -314?
302
In base 8, what is -323 + -120?
-443
In base 4, what is 11 + -10022?
-10011
In base 16, what is -1a - -2?
-18
In base 14, what is -2 + 11?
d
In base 15, what is 14 + 2?
16
In base 3, what is -11 - 1212?
-2000
In base 2, what is -10011 - 1000?
-11011
In base 14, what is 2d + 159?
188
In base 6, what is -1 + -220?
-221
In base 10, what is 0 - -6439?
6439
In base 13, what is 3 + -5c0?
-5ba
In base 9, what is -606 + -5?
-612
In base 15, what is -d02 - 1?
-d03
In base 12, what is -42b - 2?
-431
In base 14, what is 31 - -1?
32
In base 15, what is -3ba - 0?
-3ba
In base 7, what is -113 - -11?
-102
In base 5, what is -1 - 23?
-24
In base 13, what is -12c6 + 5?
-12c1
In base 13, what is -43 + -8?
-4b
In base 10, what is 3 - 34?
-31
In base 16, what 